{"id":8457,"date":"2023-04-03T14:21:08","date_gmt":"2023-04-03T12:21:08","guid":{"rendered":"https:\/\/laufgruppe-lvb.bplaced.net\/wordpress\/?page_id=8457"},"modified":"2023-05-05T08:59:47","modified_gmt":"2023-05-05T06:59:47","slug":"anmeldung-noch-nicht-moeglich","status":"publish","type":"page","link":"https:\/\/laufgruppe-lvb.bplaced.net\/wordpress\/anmeldung-noch-nicht-moeglich\/","title":{"rendered":"Anmeldung nicht m\u00f6glich"},"content":{"rendered":"<p>Leider hast du dich versucht zu fr\u00fch f\u00fcr unsern Lauf anzumelden&#8230;<\/p>\n<p>Bitte schau auf unsere Homepage, dort findest du den Termin der fr\u00fchesten Anmeldung.<\/p>\n<p>Oder du hast dich versucht zu sp\u00e4t f\u00fcr unseren Lauf anzumelden&#8230;<\/p>\n<p>Kein Problem ! Du kannst dich noch vor Ort anmelden&#8230;<\/p>\n<p>komme bitte nicht zu sp\u00e4t, wir wollen p\u00fcnktlich starten.<\/p>\n","protected":false},"excerpt":{"rendered":"<p>Leider hast du dich versucht zu fr\u00fch f\u00fcr unsern Lauf anzumelden&#8230; Bitte schau auf unsere Homepage, dort findest du den Termin der fr\u00fchesten Anmeldung. Oder du hast dich versucht zu sp\u00e4t f\u00fcr unseren Lauf anzumelden&#8230; Kein Problem ! Du kannst dich noch vor Ort anmelden&#8230; komme bitte nicht zu sp\u00e4t, wir wollen p\u00fcnktlich starten.<\/p>\n","protected":false},"author":16,"featured_media":8469,"parent":0,"menu_order":0,"comment_status":"closed","ping_status":"closed","template":"","meta":{"_bbp_topic_count":0,"_bbp_reply_count":0,"_bbp_total_topic_count":0,"_bbp_total_reply_count":0,"_bbp_voice_count":0,"_bbp_anonymous_reply_count":0,"_bbp_topic_count_hidden":0,"_bbp_reply_count_hidden":0,"_bbp_forum_subforum_count":0,"footnotes":""},"class_list":["post-8457","page","type-page","status-publish","has-post-thumbnail","hentry"],"_links":{"self":[{"href":"https:\/\/laufgruppe-lvb.bplaced.net\/wordpress\/wp-json\/wp\/v2\/pages\/8457","targetHints":{"allow":["GET"]}}],"collection":[{"href":"https:\/\/laufgruppe-lvb.bplaced.net\/wordpress\/wp-json\/wp\/v2\/pages"}],"about":[{"href":"https:\/\/laufgruppe-lvb.bplaced.net\/wordpress\/wp-json\/wp\/v2\/types\/page"}],"author":[{"embeddable":true,"href":"https:\/\/laufgruppe-lvb.bplaced.net\/wordpress\/wp-json\/wp\/v2\/users\/16"}],"replies":[{"embeddable":true,"href":"https:\/\/laufgruppe-lvb.bplaced.net\/wordpress\/wp-json\/wp\/v2\/comments?post=8457"}],"version-history":[{"count":3,"href":"https:\/\/laufgruppe-lvb.bplaced.net\/wordpress\/wp-json\/wp\/v2\/pages\/8457\/revisions"}],"predecessor-version":[{"id":8509,"href":"https:\/\/laufgruppe-lvb.bplaced.net\/wordpress\/wp-json\/wp\/v2\/pages\/8457\/revisions\/8509"}],"wp:featuredmedia":[{"embeddable":true,"href":"https:\/\/laufgruppe-lvb.bplaced.net\/wordpress\/wp-json\/wp\/v2\/media\/8469"}],"wp:attachment":[{"href":"https:\/\/laufgruppe-lvb.bplaced.net\/wordpress\/wp-json\/wp\/v2\/media?parent=8457"}],"curies":[{"name":"wp","href":"https:\/\/api.w.org\/{rel}","templated":true}]}}